{"id":281,"date":"2024-05-28T18:29:29","date_gmt":"2024-05-28T16:29:29","guid":{"rendered":"https:\/\/prefundaciopmwp.3ip.eu\/?post_type=estudio&#038;p=281"},"modified":"2025-02-14T12:34:35","modified_gmt":"2025-02-14T11:34:35","slug":"mi-estudio-1-2","status":"publish","type":"estudio","link":"https:\/\/areaalzheimer.fpmaragall.org\/ca\/estudio\/mi-estudio-1-2\/","title":{"rendered":"Estudi de necessitats de les persones cuidadores de familiars amb Alzheimer"},"content":{"rendered":"\n<p>En aquest informe es presenten les conclusions principals de l\u2019estudi de necessitats promogut per la Fundaci\u00f3 Pasqual Maragall, per identificar i analitzar les necessitats relacionades amb la tecnologia de les persones cuidadores de familiars amb Alzheimer. S&#8217;emmarca en el projecte de desenvolupament d&#8217;una plataforma digital integral, finan\u00e7at amb l&#8217;ajut del Departament de Drets Socials de la Generalitat de Catalunya , en el marc del Pla de recuperaci\u00f3, transformaci\u00f3 i resili\u00e8ncia, finan\u00e7at per la Uni\u00f3 Europea mitjan\u00e7ant el programa Next Generation EU.<\/p>\n","protected":false},"excerpt":{"rendered":"<p>En aquest informe es presenten les conclusions principals de l\u2019estudi de necessitats promogut per la Fundaci\u00f3 Pasqual Maragall, per identificar i analitzar les necessitats relacionades amb la tecnologia de les persones cuidadores de familiars amb Alzheimer. S\u2019emmarca en el projecte de desenvolupament d\u2019una plataforma digital integral, finan\u00e7at amb l\u2019ajut del Departament de Drets Socials de la Generalitat de Catalunya , en el marc del Pla de recuperaci\u00f3, transformaci\u00f3 i resili\u00e8ncia, finan\u00e7at per la Uni\u00f3 Europea mitjan\u00e7ant el programa Next Generation EU.<\/p>\n","protected":false},"author":1,"featured_media":5504,"parent":0,"template":"","categoria-estudio":[37],"clasificacion-grupos":[],"class_list":["post-281","estudio","type-estudio","status-publish","has-post-thumbnail","hentry","categoria-estudio-activos"],"acf":[],"_links":{"self":[{"href":"https:\/\/areaalzheimer.fpmaragall.org\/ca\/wp-json\/wp\/v2\/estudio\/281","targetHints":{"allow":["GET"]}}],"collection":[{"href":"https:\/\/areaalzheimer.fpmaragall.org\/ca\/wp-json\/wp\/v2\/estudio"}],"about":[{"href":"https:\/\/areaalzheimer.fpmaragall.org\/ca\/wp-json\/wp\/v2\/types\/estudio"}],"author":[{"embeddable":true,"href":"https:\/\/areaalzheimer.fpmaragall.org\/ca\/wp-json\/wp\/v2\/users\/1"}],"wp:featuredmedia":[{"embeddable":true,"href":"https:\/\/areaalzheimer.fpmaragall.org\/ca\/wp-json\/wp\/v2\/media\/5504"}],"wp:attachment":[{"href":"https:\/\/areaalzheimer.fpmaragall.org\/ca\/wp-json\/wp\/v2\/media?parent=281"}],"wp:term":[{"taxonomy":"categoria-estudio","embeddable":true,"href":"https:\/\/areaalzheimer.fpmaragall.org\/ca\/wp-json\/wp\/v2\/categoria-estudio?post=281"},{"taxonomy":"clasificacion-grupos","embeddable":true,"href":"https:\/\/areaalzheimer.fpmaragall.org\/ca\/wp-json\/wp\/v2\/clasificacion-grupos?post=281"}],"curies":[{"name":"wp","href":"https:\/\/api.w.org\/{rel}","templated":true}]}}

<p>En aquest informe es presenten les conclusions principals de l’estudi de necessitats promogut per la Fundació Pasqual Maragall, per identificar i analitzar les necessitats relacionades amb la tecnologia de les persones cuidadores de familiars amb Alzheimer. S&#8217;emmarca en el projecte de desenvolupament d&#8217;una plataforma digital integral, finançat amb l&#8217;ajut del Departament de Drets Socials de la Generalitat de Catalunya , en el marc del Pla de recuperació, transformació i resiliència, finançat per la Unió Europea mitjançant el programa Next Generation EU.</p>

<p>En aquest informe es presenten les conclusions principals de l’estudi de necessitats promogut per la Fundació Pasqual Maragall, per identificar i analitzar les necessitats relacionades amb la tecnologia de les persones cuidadores de familiars amb Alzheimer. S’emmarca en el projecte de desenvolupament d’una plataforma digital integral, finançat amb l’ajut del Departament de Drets Socials de la Generalitat de Catalunya , en el marc del Pla de recuperació, transformació i resiliència, finançat per la Unió Europea mitjançant el programa Next Generation EU.</p>
