{"id":6298,"date":"2025-11-11T13:28:18","date_gmt":"2025-11-11T12:28:18","guid":{"rendered":"https:\/\/areaalzheimer.fpmaragall.org\/?post_type=fpm_webinar&#038;p=6298"},"modified":"2025-11-11T14:21:02","modified_gmt":"2025-11-11T13:21:02","slug":"webinar-les-perdues-en-la-malaltia-dalzheimer-3","status":"publish","type":"fpm_webinar","link":"https:\/\/areaalzheimer.fpmaragall.org\/ca\/webinars\/webinar-les-perdues-en-la-malaltia-dalzheimer-3\/","title":{"rendered":"Webinar: Les p\u00e8rdues en la malaltia d&#8217;Alzheimer"},"content":{"rendered":"\n<p><mark style=\"background-color:rgba(0, 0, 0, 0)\" class=\"has-inline-color has-black-on-white-color\">Conviure amb l\u2019Alzheimer significa enfrontar-se a m\u00faltiples p\u00e8rdues, visibles i invisibles, que transformen la relaci\u00f3 amb la persona amb el diagn\u00f2stic i impacten sobre l\u2019entorn cuidador.<\/mark><\/p>\n\n\n\n<p><strong><mark style=\"background-color:rgba(0, 0, 0, 0)\" class=\"has-inline-color has-black-on-white-color\">Contingut<\/mark><\/strong><\/p>\n\n\n\n<p><mark style=\"background-color:rgba(0, 0, 0, 0)\" class=\"has-inline-color has-black-on-white-color\">De la m\u00e0 d&#8217;una psic\u00f2loga especialitzada en dol en la malaltia d&#8217;Alzheimer, analitzarem els canvis emocionals i relacionals que comporta la conviv\u00e8ncia amb la malaltia i explorarem com viure les p\u00e8rdues d\u2019una manera m\u00e9s adaptativa i com afrontar els processos de dol que les acompanyen. Al final de la sessi\u00f3 hi haur\u00e0 torn de preguntes a la professional. <\/mark><\/p>\n\n\n\n<p><strong><mark style=\"background-color:rgba(0, 0, 0, 0)\" class=\"has-inline-color has-black-on-white-color\">Uneix-te al Webinar!<\/mark><\/strong><\/p>\n\n\n\n<p><mark style=\"background-color:rgba(0, 0, 0, 0)\" class=\"has-inline-color has-black-on-white-color\">Si accedeixes a la sessi\u00f3 abans de l&#8217;hora d&#8217;inici, et mantindr\u00e0s a la sala d&#8217;espera fins que comenci.<\/mark><\/p>\n\n\n\n<hr class=\"wp-block-separator has-alpha-channel-opacity\"\/>\n\n\n\n<p><mark style=\"background-color:rgba(0, 0, 0, 0)\" class=\"has-inline-color has-black-on-white-color\">Aquest seminari web forma part de la tasca de suport que duu a terme l&#8217;\u00c0rea Social de la Fundaci\u00f3, que treballa per oferir suport i assist\u00e8ncia a les persones que cuiden familiars amb la malaltia d&#8217;Alzheimer.<\/mark><\/p>\n\n\n\n<div class=\"wp-block-columns is-layout-flex wp-container-core-columns-is-layout-9d6595d7 wp-block-columns-is-layout-flex\">\n<div class=\"wp-block-column is-layout-flow wp-block-column-is-layout-flow\">\n<p><mark style=\"background-color:rgba(0, 0, 0, 0)\" class=\"has-inline-color has-black-on-white-color\">Amb el suport de:<\/mark><\/p>\n<\/div>\n\n\n\n<div class=\"wp-block-column is-layout-flow wp-block-column-is-layout-flow\">\n<figure class=\"wp-block-image size-full is-resized\"><img loading=\"lazy\" decoding=\"async\" width=\"711\" height=\"156\" src=\"https:\/\/areaalzheimer.fpmaragall.org\/wp-content\/uploads\/image-1-1.png\" alt=\"\" class=\"wp-image-6234\" style=\"width:208px;height:auto\" srcset=\"https:\/\/areaalzheimer.fpmaragall.org\/wp-content\/uploads\/image-1-1.png 711w, https:\/\/areaalzheimer.fpmaragall.org\/wp-content\/uploads\/image-1-1-300x66.png 300w, https:\/\/areaalzheimer.fpmaragall.org\/wp-content\/uploads\/image-1-1-600x132.png 600w, https:\/\/areaalzheimer.fpmaragall.org\/wp-content\/uploads\/image-1-1-624x137.png 624w\" sizes=\"auto, (max-width: 711px) 100vw, 711px\" \/><\/figure>\n<\/div>\n<\/div>\n\n\n\n<p><\/p>\n","protected":false},"author":311,"featured_media":6263,"template":"","class_list":["post-6298","fpm_webinar","type-fpm_webinar","status-publish","has-post-thumbnail","hentry"],"acf":[],"_links":{"self":[{"href":"https:\/\/areaalzheimer.fpmaragall.org\/ca\/wp-json\/wp\/v2\/fpm_webinar\/6298","targetHints":{"allow":["GET"]}}],"collection":[{"href":"https:\/\/areaalzheimer.fpmaragall.org\/ca\/wp-json\/wp\/v2\/fpm_webinar"}],"about":[{"href":"https:\/\/areaalzheimer.fpmaragall.org\/ca\/wp-json\/wp\/v2\/types\/fpm_webinar"}],"author":[{"embeddable":true,"href":"https:\/\/areaalzheimer.fpmaragall.org\/ca\/wp-json\/wp\/v2\/users\/311"}],"wp:featuredmedia":[{"embeddable":true,"href":"https:\/\/areaalzheimer.fpmaragall.org\/ca\/wp-json\/wp\/v2\/media\/6263"}],"wp:attachment":[{"href":"https:\/\/areaalzheimer.fpmaragall.org\/ca\/wp-json\/wp\/v2\/media?parent=6298"}],"curies":[{"name":"wp","href":"https:\/\/api.w.org\/{rel}","templated":true}]}}

Webinar: Les pèrdues en la malaltia d&#8217;Alzheimer

<p><mark style="background-color:rgba(0, 0, 0, 0)" class="has-inline-color has-black-on-white-color">Conviure amb l’Alzheimer significa enfrontar-se a múltiples pèrdues, visibles i invisibles, que transformen la relació amb la persona amb el diagnòstic i impacten sobre l’entorn cuidador.</mark></p>



<p><strong><mark style="background-color:rgba(0, 0, 0, 0)" class="has-inline-color has-black-on-white-color">Contingut</mark></strong></p>



<p><mark style="background-color:rgba(0, 0, 0, 0)" class="has-inline-color has-black-on-white-color">De la mà d&#8217;una psicòloga especialitzada en dol en la malaltia d&#8217;Alzheimer, analitzarem els canvis emocionals i relacionals que comporta la convivència amb la malaltia i explorarem com viure les pèrdues d’una manera més adaptativa i com afrontar els processos de dol que les acompanyen. Al final de la sessió hi haurà torn de preguntes a la professional. </mark></p>



<p><strong><mark style="background-color:rgba(0, 0, 0, 0)" class="has-inline-color has-black-on-white-color">Uneix-te al Webinar!</mark></strong></p>



<p><mark style="background-color:rgba(0, 0, 0, 0)" class="has-inline-color has-black-on-white-color">Si accedeixes a la sessió abans de l&#8217;hora d&#8217;inici, et mantindràs a la sala d&#8217;espera fins que comenci.</mark></p>



<hr class="wp-block-separator has-alpha-channel-opacity"/>



<p><mark style="background-color:rgba(0, 0, 0, 0)" class="has-inline-color has-black-on-white-color">Aquest seminari web forma part de la tasca de suport que duu a terme l&#8217;Àrea Social de la Fundació, que treballa per oferir suport i assistència a les persones que cuiden familiars amb la malaltia d&#8217;Alzheimer.</mark></p>



<div class="wp-block-columns is-layout-flex wp-container-core-columns-is-layout-9d6595d7 wp-block-columns-is-layout-flex">
<div class="wp-block-column is-layout-flow wp-block-column-is-layout-flow">
<p><mark style="background-color:rgba(0, 0, 0, 0)" class="has-inline-color has-black-on-white-color">Amb el suport de:</mark></p>
</div>



<div class="wp-block-column is-layout-flow wp-block-column-is-layout-flow">
<figure class="wp-block-image size-full is-resized"><img loading="lazy" decoding="async" width="711" height="156" src="https://areaalzheimer.fpmaragall.org/wp-content/uploads/image-1-1.png" alt="" class="wp-image-6234" style="width:208px;height:auto" srcset="https://areaalzheimer.fpmaragall.org/wp-content/uploads/image-1-1.png 711w, https://areaalzheimer.fpmaragall.org/wp-content/uploads/image-1-1-300x66.png 300w, https://areaalzheimer.fpmaragall.org/wp-content/uploads/image-1-1-600x132.png 600w, https://areaalzheimer.fpmaragall.org/wp-content/uploads/image-1-1-624x137.png 624w" sizes="auto, (max-width: 711px) 100vw, 711px" /></figure>
</div>
</div>



<p></p>
