{"id":5162,"date":"2024-12-13T13:12:48","date_gmt":"2024-12-13T12:12:48","guid":{"rendered":"https:\/\/areaalzheimer.fpmaragall.org\/informacion-programas\/"},"modified":"2025-01-28T17:07:05","modified_gmt":"2025-01-28T16:07:05","slug":"informacion-programas","status":"publish","type":"page","link":"https:\/\/areaalzheimer.fpmaragall.org\/ca\/informacion-programas\/","title":{"rendered":"Programes grupals d&#8217;atenci\u00f3 al cuidador\/a"},"content":{"rendered":"\n<p><strong>Els nostres programes estan condu\u00efts per professionals de la psicologia especialitzats en aquest tipus d&#8217;intervencions i hi participen un m\u00e0xim de 10 persones cuidadores.<\/strong><\/p>\n\n\n\n<p>Actualment oferim dos tipus de programes:<\/p>\n\n\n\n<p class=\"has-text-color has-link-color wp-elements-6588d657d99125dc1b59a4534616d3ad\" style=\"color:#67a11b;font-size:25px\"><strong>Programa online \u00abApr\u00e8n a cuidar i a cuidar-te\u00bb , per a persones cuidadores de familiars amb Alzheimer<\/strong><br><\/p>\n\n\n\n<p class=\"has-black-color has-text-color has-link-color has-medium-font-size wp-elements-098a750c55111a434179885b8630e9c4\">\u00c9s un programa psicoeducatiu en l\u00ednia de suport emocional i formaci\u00f3 des d&#8217;una perspectiva pr\u00e0ctica i adaptada a les necessitats generades en el dia a dia. Es desenvolupa en grups de 10 persones durant 8 sessions de 60 minuts, sovint setmanal. <br><\/p>\n\n\n\n<hr class=\"wp-block-separator has-alpha-channel-opacity\"\/>\n\n\n\n<p><\/p>\n\n\n\n<p class=\"has-text-color has-link-color wp-elements-2ebd0ca77a4c2d0c69d0e8203af08c58\" style=\"color:#67a11b;font-size:25px\"><strong>Programa de grups terap\u00e8utics per a persones cuidadores de familiars amb Alzheimer<\/strong><\/p>\n\n\n\n<p>Consisteix en una ter\u00e0pia psicol\u00f2gica grupal on els participants, a m\u00e9s a m\u00e9s d&#8217;adquirir coneixements per afrontar millor el proc\u00e9s de cuidar, comparteixen les seves experi\u00e8ncies i aprenen a gestionar les seves emocions. Es desenvolupa en grups de 10 persones durant 14 sessions de 90 minuts, sovint setmanal. Actualment, la Fundaci\u00f3 Pasqual Maragall est\u00e0 fent grups terap\u00e8utics a Barcelona ciutat.<\/p>\n\n\n\n<p><\/p>\n","protected":false},"excerpt":{"rendered":"<p>Els nostres programes estan condu\u00efts per professionals de la psicologia especialitzats en aquest tipus d&#8217;intervencions i hi participen un m\u00e0xim de 10 persones cuidadores. Actualment&hellip;<\/p>\n","protected":false},"author":1,"featured_media":0,"parent":0,"menu_order":0,"comment_status":"closed","ping_status":"closed","template":"template-fpm-content-only.php","meta":{"_acf_changed":false,"footnotes":""},"class_list":["post-5162","page","type-page","status-publish","hentry"],"acf":[],"_links":{"self":[{"href":"https:\/\/areaalzheimer.fpmaragall.org\/ca\/wp-json\/wp\/v2\/pages\/5162","targetHints":{"allow":["GET"]}}],"collection":[{"href":"https:\/\/areaalzheimer.fpmaragall.org\/ca\/wp-json\/wp\/v2\/pages"}],"about":[{"href":"https:\/\/areaalzheimer.fpmaragall.org\/ca\/wp-json\/wp\/v2\/types\/page"}],"author":[{"embeddable":true,"href":"https:\/\/areaalzheimer.fpmaragall.org\/ca\/wp-json\/wp\/v2\/users\/1"}],"replies":[{"embeddable":true,"href":"https:\/\/areaalzheimer.fpmaragall.org\/ca\/wp-json\/wp\/v2\/comments?post=5162"}],"version-history":[{"count":4,"href":"https:\/\/areaalzheimer.fpmaragall.org\/ca\/wp-json\/wp\/v2\/pages\/5162\/revisions"}],"predecessor-version":[{"id":5331,"href":"https:\/\/areaalzheimer.fpmaragall.org\/ca\/wp-json\/wp\/v2\/pages\/5162\/revisions\/5331"}],"wp:attachment":[{"href":"https:\/\/areaalzheimer.fpmaragall.org\/ca\/wp-json\/wp\/v2\/media?parent=5162"}],"curies":[{"name":"wp","href":"https:\/\/api.w.org\/{rel}","templated":true}]}}

Programes grupals d&#8217;atenció al cuidador/a

<p><strong>Els nostres programes estan conduïts per professionals de la psicologia especialitzats en aquest tipus d&#8217;intervencions i hi participen un màxim de 10 persones cuidadores.</strong></p>



<p>Actualment oferim dos tipus de programes:</p>



<p class="has-text-color has-link-color wp-elements-6588d657d99125dc1b59a4534616d3ad" style="color:#67a11b;font-size:25px"><strong>Programa online «Aprèn a cuidar i a cuidar-te» , per a persones cuidadores de familiars amb Alzheimer</strong><br></p>



<p class="has-black-color has-text-color has-link-color has-medium-font-size wp-elements-098a750c55111a434179885b8630e9c4">És un programa psicoeducatiu en línia de suport emocional i formació des d&#8217;una perspectiva pràctica i adaptada a les necessitats generades en el dia a dia. Es desenvolupa en grups de 10 persones durant 8 sessions de 60 minuts, sovint setmanal. <br></p>



<hr class="wp-block-separator has-alpha-channel-opacity"/>



<p></p>



<p class="has-text-color has-link-color wp-elements-2ebd0ca77a4c2d0c69d0e8203af08c58" style="color:#67a11b;font-size:25px"><strong>Programa de grups terapèutics per a persones cuidadores de familiars amb Alzheimer</strong></p>



<p>Consisteix en una teràpia psicològica grupal on els participants, a més a més d&#8217;adquirir coneixements per afrontar millor el procés de cuidar, comparteixen les seves experiències i aprenen a gestionar les seves emocions. Es desenvolupa en grups de 10 persones durant 14 sessions de 90 minuts, sovint setmanal. Actualment, la Fundació Pasqual Maragall està fent grups terapèutics a Barcelona ciutat.</p>



<p></p>

<p>Els nostres programes estan conduïts per professionals de la psicologia especialitzats en aquest tipus d&#8217;intervencions i hi participen un màxim de 10 persones cuidadores. Actualment&hellip;</p>
